11*r(l). Calculate c(i).
-3
Let p(s) = 3*s + 5. Suppose -2*m = 2*m - 16. Suppose -16 = 101*k - 103*k. Let z be ((-18)/m)/(6/k). What is p(z)?
-13
Let f(r) = -7*r**2 - 2*r - 3. Let m(z) = -5*z**2 - 3*z - 2. Let g(c) = 3*f(c) - 4*m(c). What is g(4)?
7
Let w(r) be the second derivative of -r**5/20 + r**4/2 + r**3/3 - 7*r**2/2 + 100*r - 2. Suppose 3*a - a - 4 = 0. Let k be 16/a*3/4. Give w(k).
5
Let t(h) = 14*h. Let g(u) = -253*u. Let l(r) = -3*g(r) - 55*t(r). Determine l(-1).
11
Let n(p) be the first derivative of p**2/2 - p + 306. What is n(7)?
6
Let n(f) = -17*f**2 + 3*f - 1. Let q(h) = -h**2 + h + 18. Let w be q(5). Let i(p) = p**2 - p. Let k(j) = w*i(j) - n(j). Let s = -3 + 4. Calculate k(s).
15
Let s(i) be the second derivative of i**5/60 + i**4/4 + 5*i**3/2 - 14*i. Let d(q) be the second derivative of s(q). Let z be 0 - (-2)/1*-3. Determine d(z).
-6
Let t be (4 - -6)/1 - 19. Let a(u) = u**2 + 6*u + 12. What is a(t)?
39
Let b(p) be the third derivative of -p**5/60 - p**4/3 + p**3 - 124*p**2. Determine b(-7).
13
Suppose -14*d = -16*d - 4*w - 24, 4*d + 18 = 2*w. Let n(m) = -m**2 - 5*m + 6. What is n(d)?
0
Suppose -5*k - 6 = -91. Let a(m) = -5*m**3 - 5*m - 12. Let z(c) = 14*c**3 + c**2 + 14*c + 35. Let y(q) = k*a(q) + 6*z(q). Give y(6).
0
Let m(s) = -6*s**3 - 15*s**2 + 8*s - 2. Suppose -5*j - 3 = -38. Let t(h) = -5*h**3 - 14*h**2 + 7*h - 3. Let r(z) = j*t(z) - 6*m(z). What is r(8)?
-1
Let z = 140 + -146. Let h(q) = q**2 + 7*q + 5. What is h(z)?
-1
Let h(i) = -i**3 - 4*i**2 - i - 2. Let y = -521 + 518. Determine h(y).
-8
Let i(a) = -14 + 8*a**2 - 3 + 12 + 8*a + a**3. What is i(-7)?
-12
Let y(o) = o**2 + 5*o - 7. Let q = 2 - 9. Calculate y(q).
7
Let t(c) = c**2 + 12*c + 16. Let b be (-4 - -3)/((12 + -19)/(-70)). What is t(b)?
-4
Let d(j) be the second derivative of j**7/840 - j**4/12 + j**3/6 + 21*j. Let m(f) be the second derivative of d(f). Calculate m(0).
-2
Suppose 4*g + 5 = 5*s - 11, -5*s + 5*g = -20. Suppose o + 2*c = -9, s*o + 2*o - 3*c = 10. Let i(a) = -2*a. Determine i(o).
2
Let z(t) be the second derivative of -t**4/6 - 5*t**3/6 - 3*t**2 - 38*t. Calculate z(-4).
-18
Let o(y) = -y**2 + 2*y. Let i(g) = 4*g + 20. Let w(h) = -i(h) - o(h). Calculate w(9).
7
Let k(d) = d**3 + 3*d**2 - d + 1. Suppose -4*j = -2*r + 34, -4*j + 4*r = -2*j + 26. Let v = -10 - j. Calculate k(v).
4
Let f(r) = 4*r**2 + 3. Let i be -8 + (0 - 1)*-1. Let t(c) = -8*c**2 + c - 6. Let d(v) = 3*v + 51. Let z be d(-18). Let n(p) = i*f(p) + z*t(p). Give n(-2).
-13
Let s(a) be the second derivative of a**4/12 + 7*a**3/6 + 13*a**2/2 + 308*a + 1. Determine s(-3).
1
Let o(n) be the third derivative of n**5/60 - 5*n**4/24 + 2*n**2. Let w be (-2)/3*(-6 + 0). Let q be 3/w + 39/12. Give o(q).
-4
Let v = 46 + -18. Let k(i) = -v*i + 1 + 0 + 25*i. Give k(3).
-8
Let m(d) = 21*d. Suppose 2 = -2*u - 4. Let x be 1*(-6 - u) - -4. Calculate m(x).
21
Let u(n) = 6*n**3 - 2*n**2 - 12. Let a(g) = 5*g**3 - g**2 - 11. Let i(q) = -7*a(q) + 6*u(q). Determine i(5).
5
Let r(q) be the third derivative of q**5/60 + 11*q**4/24 + q**3/3 - 39*q**2 - 2*q. What is r(-11)?
2
Let x(o) be the second derivative of 7*o**5/120 + o**4/8 + 2*o**3 - 25*o. Let w(f) be the second derivative of x(f). Give w(-3).
-18
Suppose 5*f - 15 = -0*f, -4*a + 5*f = -1. Suppose 2*u = 6*u + 3*k - 18, -4*u + 4 = -a*k. Let r(h) = 2*h - u*h + h**2 - 2 - 2*h. Give r(5).
8
Let p(y) be the third derivative of 1/12*y**4 + 0*y + 3*y**2 - 1/3*y**3 + 0 - 1/60*y**5. Suppose 0 = 3*k - 0*k - 6. Calculate p(k).
-2
Suppose 3*t = 14 - 2. Let p(i) be the second derivative of 12*i + 0 - t*i**2 + 1/2*i**3. Calculate p(6).
10
Let z(c) = c**2 - 26*c + 139. Let x be z(7). Let q(f) = f**3 - 7*f**2 + 6*f + 5. Give q(x).
5
Let f be ((2 + 165)*-1)/(-1). Let t = -162 + f. Let l(a) = a**2 - 6*a + 6. Calculate l(t).
1
Let b(z) = 5*z**3 - 3*z**2 + 3*z. Let i(n) = -3*n**3 + 2*n**2 - 2*n. Let f(t) = -5*b(t) - 7*i(t). What is f(2)?
-30
Let l(z) be the first derivative of -z**4/4 - z**3 + z**2/2 + 3*z - 1. Let g be l(-3). Let f(j) = -3*j - 4*j + 6*j - 3 + g*j. What is f(-3)?
0
Let r(q) = 2*q + 18. Let b(k) = -k**2 + 2*k + 39. Let c be b(8). Calculate r(c).
0
Let m(d) be the third derivative of d**6/30 + d**4/24 - 19*d**3/6 + 9*d**2. Let i(o) be the first derivative of m(o). Determine i(-1).
13
Suppose 3*y - 50 = 5*f, 5*f + 124 - 34 = -5*y. Let k(c) = 2*c + 22. What is k(f)?
-4
Let r(q) be the third derivative of q**4/12 - 5*q**3/6 + 65*q**2. Determine r(5).
5
Suppose -5*p = -0 - 5. Let c(i) = -2*i - 4*i + 8 + 2 - 5 - 6*i**2. Let x(k) = 6*k**2 + 5*k - 4. Let t(o) = 3*c(o) + 4*x(o). Determine t(p).
7
Let b(u) be the first derivative of -2*u**3/3 + u**2 + u + 3. Let p be (-4)/((-8)/6) - 0. Suppose 4*t + 7 = p. What is b(t)?
-3
Let t(m) be the first derivative of m**4/4 - 2*m**3 + 7*m**2/2 - 5*m + 37. Give t(5).
5
Let m(p) = -3*p**3 + 3*p + 2. Let n(s) = s**2 - 11. Let k = 25 + -22. Let x be n(k). Calculate m(x).
20
Let p = -360 - -354. Let w(k) = k**3 + 6*k**2 - 2*k - 9. Determine w(p).
3
Let a(d) = 9*d**2 + 13*d + 5. Let r(c) = 8*c**2 + 12*c + 5. Let g(z) = 5*a(z) - 6*r(z). Let q(j) = -j**2 - j - 1. Let o(m) = -g(m) + 5*q(m). What is o(2)?
-4
Let p = 23 + -14. Let m(g) = -2*g - 6*g - 1 + p*g. What is m(3)?
2
Let d(b) = 31*b**2 + 3*b - 5. Let x(j) = -11*j**2 - j + 2. Let m(i) = 6*d(i) + 17*x(i). What is m(3)?
-2
Let h be 0/10*4/8. Suppose 2*z + 2*z = 8. Let f(c) = -1 + c + 0 - z*c. Determine f(h).
-1
Let i be (1 - -48) + (-6)/((-2)/1). Suppose -q = -47 + i. Let u(t) = t**3 + 4*t**2 - 2*t + 6. Give u(q).
-9
Let g(t) = -t - 1. Suppose 2*p - 121 = -4*u - u, 94 = 4*u + 3*p. Let c = -16 + u. Suppose -2*l - l = c. Calculate g(l).
2
Suppose -30*l + 5*k + 20 = -25*l, l + 3*k - 4 = 0. Let n(z) be the first derivative of z**2/2 - z + 7. Determine n(l).
3
Let c(n) = n**2 - 4*n - 5. Let r = -73 - -74. Let v(s) = 7*s**2 - 3*s + 1. Let w be v(r). Calculate c(w).
0
Let i(z) = z**2 + 4*z - 7. Suppose -8*o = 5*q - 4*o + 30, -5*q - o - 15 = 0. Let w be (1/q + 0)/((-2)/(-24)). What is i(w)?
5
Suppose -4*s + 0 = -12. Let k(o) = 3 + 43*o**2 - 4*o - 1 - o**s - 38*o**2. Let d(c) = -c**2 + 4*c + 7. Let t be d(5). What is k(t)?
6
Let i(u) = 4*u. Suppose 5*g + j - 3 = 0, 3*g - j = 4*g + 1. Determine i(g).
4
Let b(s) = -s + 1. Suppose -5*h - 80 = 75. Let l = 40 + h. Let q(j) = j - 7. Let c be q(l). Calculate b(c).
-1
Let r(s) be the second derivative of s**3/6 + s**2/2 + 57*s. Let b = 13 - 8. Calculate r(b).
6
Suppose -42*p - 7 + 217 = 0. Let n(q) = -q**3 + 5*q**2 - 4. What is n(p)?
-4
Let g(k) = 50 - 112 + 62 + k**2. Determine g(-5).
25
Suppose 9 = -4*z + 21. Suppose 2*v - 3*v - z = w, 3*v = 3*w - 39. Let x(f) = f**2 + 6*f - 8. Give x(v).
8
Let h(p) be the third derivative of p**5/60 - p**4/24 - 5*p**3 - 4*p**2 + 17. What is h(0)?
-30
Let r(q) = q**3 + 11*q**2 + 9*q - 13. Let i be (-80)/60*(-18)/8. Suppose i*d + 3 + 27 = 0. Give r(d).
-3
Let d(a) = -a**2 - a - 4. Suppose 0 = 2*v - 2*p + 8, -2*v + 7*p - 14 = 2*p. Let j be d(v). Let l(y) = y - 4. Calculate l(j).
-10
Let c(u) = -2*u**2 + 10*u + 6. Let j(t) = t**2 - 5*t - 1. Let a be j(4). Let z(m) = 3*m**2 - 19*m - 13. Let r(i) = a*c(i) - 3*z(i). Give r(-6).
3
Let m = -61 - -62. Let r(d) = -15*d + 1. Calculate r(m).
-14
Let v = -320 + 317. Let g(l) = l**3 - l**2 + l + 3. Determine g(v).
-36
Suppose 0 = -2*k + 1 + 1. Let r(j) = 23 + 10*j**2 - 44 + 20 + 6*j**2. What is r(k)?
15
Let i(a) = -4*a**2 - 4*a - 3. Let x(h) = h**2 + 21*h + 18. Let p(m) = -m**3 + 3*m**2 + 14*m + 4. Let s be p(6). Let f be x(s). Give i(f).
-11
Let d(f) be the third derivative of 4*f**2 - 1/12*f**4 + 0*f + 0 - 1/60*f**5 + 1/6*f**3. What is d(-3)?
-2
Suppose -2*f - a = 1 + 22, -5*f - 5*a - 65 = 0. Let g = 12 + f. Suppose -g = -z - z. Let q(s) = 8*s**3 + s**2. Calculate q(z).
9
Let h(m) = -m**3 + 12*m**2 - 7*m - 47. Suppose 0 = -n - 5*p - 4, -2*p - 39 = 4*n - 7*n. What is h(n)?
-3
Suppose -n + b = 5, -254*b + 4 = -258*b. Let j(d) = -3*d + 3 + 6*d + 3. Calculate j(n).
-12
Let t(d) be the first derivative of d**3/3 - 7*d**2/2 - d - 68. Calculate t(8).
7
Let m(r) = r**2 - 2*r - 9. Let t = -3197 + 3197. Determine m(t).
-9
Let k(t) = t**3 - 2*t**2 + t - 7. Let d be k(3). Let z(y) = y**3 - 5*y**2 + 3*y - 5. Give z(d).
10
Let j(f) be the first derivative of 4 - 1/2*f**2 - f. What is